126745.
5, 25349
What are the prime factors of 1870451?
11, 97, 1753
What are the prime factors of 425138?
2, 7, 30367
List the prime factors of 7071846.
2, 3, 1178641
List the prime factors of 3299378.
2, 1649689
List the prime factors of 2924086.
2, 11, 43, 281
What are the prime factors of 1079299?
13, 83023
List the prime factors of 375347.
7, 29, 43
What are the prime factors of 2310482?
2, 53, 71, 307
List the prime factors of 210160.
2, 5, 37, 71
List the prime factors of 210610.
2, 5, 21061
What are the prime factors of 2415233?
2415233
List the prime factors of 979155.
3, 5, 7253
List the prime factors of 155610.
2, 3, 5, 7, 13, 19
List the prime factors of 879444.
2, 3, 17, 479
What are the prime factors of 2834228?
2, 29, 53, 461
What are the prime factors of 656930?
2, 5, 179, 367
List the prime factors of 3220397.
59, 54583
List the prime factors of 6038959.
229, 26371
What are the prime factors of 5318290?
2, 5, 19, 23, 1217
What are the prime factors of 4258810?
2, 5, 131, 3251
List the prime factors of 531635.
5, 13, 8179
List the prime factors of 78166.
2, 11, 17, 19
What are the prime factors of 19272086?
2, 479, 20117
List the prime factors of 16774158.
2, 3, 2795693
List the prime factors of 113961.
3, 37987
List the prime factors of 104528.
2, 47, 139
List the prime factors of 48674.
2, 24337
List the prime factors of 3862761.
3, 7, 419, 439
What are the prime factors of 984722?
2, 23, 21407
What are the prime factors of 235277?
7, 19, 29, 61
What are the prime factors of 45489910?
2, 5, 41, 110951
List the prime factors of 150282.
2, 3, 11, 23
List the prime factors of 29364.
2, 3, 2447
List the prime factors of 13402668.
2, 3, 1116889
What are the prime factors of 5689110?
2, 3, 5, 7, 27091
What are the prime factors of 4191692?
2, 1047923
What are the prime factors of 13785710?
2, 5, 227, 6073
What are the prime factors of 1102144?
2, 17, 1013
List the prime factors of 102338.
2, 51169
What are the prime factors of 2838238?
2, 13, 173, 631
List the prime factors of 20522000.
2, 5, 31, 331
What are the prime factors of 30204310?
2, 5, 3020431
List the prime factors of 186215.
5, 37243
List the prime factors of 422561.
31, 43, 317
List the prime factors of 33321462.
2, 3, 17, 326681
What are the prime factors of 4203819?
3, 51899
What are the prime factors of 177945?
3, 5, 11863
What are the prime factors of 436858?
2, 113, 1933
List the prime factors of 3516612.
2, 3, 11, 26641
List the prime factors of 28101.
3, 17, 19, 29
List the prime factors of 6119415.
3, 5, 45329
What are the prime factors of 5652467?
313, 18059
What are the prime factors of 49687?
11, 4517
List the prime factors of 76826.
2, 107, 359
List the prime factors of 372898.
2, 47, 3967
What are the prime factors of 99371?
99371
List the prime factors of 29995108.
2, 11, 13, 41, 1279
What are the prime factors of 426724?
2, 106681
What are the prime factors of 6296142?
2, 3, 37, 79, 359
List the prime factors of 2637108.
2, 3, 17, 31, 139
What are the prime factors of 238768?
2, 14923
List the prime factors of 650859.
3, 11, 163
What are the prime factors of 352097?
352097
List the prime factors of 847685.
5, 19, 8923
List the prime factors of 360768.
2, 3, 1879
List the prime factors of 917240.
2, 5, 23, 997
What are the prime factors of 845082?
2, 3, 7, 19, 353
List the prime factors of 1726759.
1726759
What are the prime factors of 259661?
73, 3557
List the prime factors of 3850534.
2, 17, 109, 1039
What are the prime factors of 18767937?
3, 157, 39847
What are the prime factors of 906299?
59, 15361
List the prime factors of 228055.
5, 17, 2683
What are the prime factors of 3163693?
13, 397, 613
What are the prime factors of 19302520?
2, 5, 23, 20981
List the prime factors of 2173874.
2, 1086937
What are the prime factors of 6686016?
2, 3, 97, 359
What are the prime factors of 13891351?
503, 27617
List the prime factors of 555327.
3, 61703
List the prime factors of 23070297.
3, 7690099
List the prime factors of 761854.
2, 167, 2281
What are the prime factors of 1180669?
7, 151, 1117
What are the prime factors of 2993333?
7, 427619
What are the prime factors of 5175855?
3, 5, 115019
What are the prime factors of 206450?
2, 5, 4129
List the prime factors of 1628012.
2, 367, 1109
What are the prime factors of 5414849?
11, 89, 5531
What are the prime factors of 34743916?
2, 8685979
List the prime factors of 2375764.
2, 109, 5449
What are the prime factors of 107480?
2, 5, 2687
List the prime factors of 18830.
2, 5, 7, 269
List the prime factors of 8764263.
3, 19, 107, 479
List the prime factors of 88576.
2, 173
List the prime factors of 547430.
2, 5, 13, 4211
List the prime factors of 5644160.
2, 5, 8819
What are the prime factors of 86056?
2, 31, 347
List the prime factors of 6897050.
2, 5, 137941
List the prime factors of 1795846.
2, 13, 17, 239
List the prime factors of 142304.
2, 4447
List the prime factors of 5783.
5783
List the prime factors of 1922691.
3, 431, 1487
What are the prime factors of 250297?
229, 1093
What are the prime factors of 2023285?
5, 11, 36787
What are the prime factors of 3237347?
3237347
What are the prime factors of 40475?
5, 1619
What are the prime factors of 7387130?
2, 5, 738713
List the prime factors of 409448.
2, 13, 31, 127
List the prime factors of 8221122.
2, 3, 7, 13, 239
List the prime factors of 41686307.
13, 43, 74573
List the prime factors of 1544557.
7, 233, 947
What are the prime factors of 446464?
2, 109
List the prime factors of 2274810.
2, 3, 5, 191, 397
List the prime factors of 179541.
3, 19949
What are the prime factors of 964439?
7, 137777
What are the prime factors of 15983033?
11, 1453003
List the prime factors of 18853950.
2, 3, 5, 125693
What are the prime factors of 1355496?
2, 3, 56479
List the prime factors of 330583.
11, 41, 733
List the prime factors of 1620879.
3, 13, 23, 139
List the prime factors of 7856518.
2, 3928259
What are the prime factors of 95546?
2, 11, 43, 101
List the prime factors of 4871214.
2, 3, 17, 15919
List the prime factors of 111635.
5, 83, 269
List the prime factors of 4347701.
4347701
What are the prime factors of 1172012?
2, 37, 7919
What are the prime factors of 1473079?
421, 3499
List the prime factors of 165235.
5, 7, 4721
List the prime factors of 14781949.
7, 13, 162439
What are the prime factors of 1042744?
2, 130343
List the prime factors of 2845343.
79, 36017
What are the prime factors of 28720054?
2, 11, 23, 211, 269
What are the prime factors of 56477?
56477
What are the prime factors of 7751878?
2, 3875939
List the prime factors of 4016555.
5, 803311
What are the prime factors of 14050588?
2, 3512647
List the prime factors of 496808.
2, 13, 17, 281
What are the prime factors of 5378990?
2, 5, 537899
What are the prime factors of 106728?
2, 3, 4447
What are the prime factors of 226105?
5, 11, 4111
What are the prime factors of 1138721?
157, 7253
List the prime factors of 11969.
11969
What are the prime factors of 15925830?
2, 3, 5, 530861
What are the prime factors of 4725642?
2, 3, 19, 41453
What are the prime factors of 629923?
7, 89989
List the prime factors of 3259905.
3, 5, 11, 23, 859
List the prime factors of 972914.
2, 19, 25603
What are the prime factors of 109811?
13, 8447
What are the prime factors of 325451?
7, 19, 2447
What are the prime factors of 2121023?
2121023
List the prime factors of 45503.
45503
List the prime factors of 3844537.
3844537
What are the prime factors of 1807131?
3, 602377
What are the prime factors of 7668510?
2, 3, 5, 255617
What are the prime factors of 480489?
3, 160163
What are the prime factors of 770431?
19, 23, 41, 43
What are the prime factors of 19276016?
2, 47, 25633
What are the prime factors of 1165228?
2, 31, 9397
What are the prime factors of 97083?
3, 7, 23, 67
What are the prime factors of 4661772?
2, 3, 388481
List the prime factors of 1502368.
2, 7, 19, 353
What are the prime factors of 45058?
2, 13, 1733
List the prime factors of 1495219.
11, 135929
List the prime factors of 3333119.
3333119
What are the prime factors of 19552?
2, 13, 47
What are the prime factors of 87138?
2, 3, 47, 103
List the prime factors of 419313.
3, 23, 59, 103
List the prime factors of 4926719.
7, 17, 19, 2179
List the prime f